+ 6*i + 56. What are the prime factors of g(-5)?
2, 3, 31
Let m(b) = 166*b**3 + 2*b**2 - 5*b + 33. What are the prime factors of m(4)?
47, 227
Suppose -14*v - 1237 = -1265. Suppose k - 2*t + 1008 = 2*k, 0 = -3*k - v*t + 3004. List the prime factors of k.
2, 499
Suppose 5*m + 4*h = 6826 - 1374, -m = 2*h - 1088. Let t = -582 + m. List the prime factors of t.
2, 3, 5, 17
Let z(w) = -24*w - 16. Let t be z(-24). List the prime factors of 8/(-24) + t/15.
37
Suppose -2*p + 43 - 27 = 0. What are the prime factors of 2/(p*(-5)/(-6460))?
17, 19
Let j(d) = d**2 + 24*d + 75. Let l be j(-24). Suppose 390 = 2*g - 5*h, -2*h = 2*g - 287 - l. What are the prime factors of g?
5, 37
Let u be -5 - (-15 + 4) - -267. Let o = u - -6. What are the prime factors of o?
3, 31
Suppose 23794 = 19*r - 18800 - 50677. What are the prime factors of r?
4909
Suppose -27*r + 3*v - 47671 = -32*r, 38147 = 4*r - v. List the prime factors of r.
2, 149
Let c(p) = p**2 - 12*p + 16. Let n be c(11). What are the prime factors of 12/2 + n + 2?
13
Let z = 9 - 6. Suppose -2*k = -z*k - 37. Let f = 82 + k. What are the prime factors of f?
3, 5
Suppose s - 8*s = -189. Suppose -7 + s = 5*x. Suppose 2*d - 126 = -2*g, x*d - 5*g + 3*g - 246 = 0. What are the prime factors of d?
2, 31
Let g = 119 + 74. Suppose o - 5*n = g, 5*o + 5*n = o + 822. List the prime factors of o.
7, 29
Suppose -5*c - 14 = -6*c + 4*h, 4*h + 12 = 0. Suppose -r + 635 = s, -s = c*r - 3*r - 627. What are the prime factors of s?
631
Let r = -78 + 85. Suppose -5*x = -3*k + 9, 4*x - r = 4*k - 19. Let c(n) = 5*n + 95. What are the prime factors of c(x)?
5, 19
Suppose 2*m = 4*f + 708, 9*m - 5*m = 4*f + 716. List the prime factors of 41 - ((-15)/(-7) + 25/f).
3, 13
Let r = -234 - -351. Suppose -u - 2 = 0, 5*a - u + r = 2629. What are the prime factors of a?
2, 251
Suppose x - 46089 = -50*i + 48*i, 2*i + 4*x = 46110. List the prime factors of i.
23041
Suppose 14*o + 315 = 49*o. Suppose -5*m = 20, 5*m - 92 = -4*r + o*m. List the prime factors of r.
19
Suppose -3 - 5 = 4*q. Let u be (q/3)/((-10)/(-75)). Let h(f) = -f**3 + 7*f + 5. List the prime factors of h(u).
5, 19
Let l = -368 + 2749. List the prime factors of l.
2381
Let i = -24 - -26. Let k be (i/4)/((-12)/(-48)). What are the prime factors of k/9 + (-18918)/(-162)?
3, 13
Suppose -5*x + 16*x - 165 = 0. Suppose x*c = 20*c - 10. What are the prime factors of c?
2
Suppose 2*i = 318 - 960. Let y = 718 + i. What are the prime factors of y?
397
List the prime factors of 3*(2 - 5520/(-36)).
2, 233
Let c(a) = 809 + 23*a - 460 + 20*a. What are the prime factors of c(6)?
607
What are the prime factors of ((-161811)/(-36))/((-9)/(-12))?
13, 461
Suppose 5*b + 80*t - 82*t = 56721, -5*t = -5*b + 56730. List the prime factors of b.
3, 19, 199
Let w(u) = 74*u - 8 - 4*u**2 + 13*u**2 - 80*u + u**3. List the prime factors of w(-7).
2, 3, 11
Let r be 3/2 - -47*(-5)/10. What are the prime factors of 33/r*2 - 240/(-2)?
3, 13
Let g = 46 + -46. Suppose 0*n + n - 5 = g. What are the prime factors of (-2)/4 + n + (-447)/(-6)?
79
Let z(j) = -27*j - 2. Let u be z(-1). Suppose 11*h - 6*h - u = 0. Suppose -6*l = -4*l + h*n - 155, 3*n = 15. What are the prime factors of l?
5, 13
What are the prime factors of (133397/36 - 14/63)/(1/16)?
2, 14821
Let z = -273 + 281. Let c = 86 - z. What are the prime factors of c?
2, 3, 13
Let p(k) = 930*k**2 + 47*k - 198. List the prime factors of p(-7).
31, 1453
Let t = -407 + 243. Let f = -70 - t. Suppose 0 = 13*j - f - 283. List the prime factors of j.
29
Suppose -212*g + 247235 - 12551 = 0. What are the prime factors of g?
3, 41
Let m(j) = -j**3 - 20*j**2 - 3*j - 4. Suppose 5*u = -4*v - 0*u - 105, v + 3*u = -35. Let c be m(v). What are the prime factors of 1237/(-13)*-1 + c/(-364)?
5, 19
Let k be 1*(30/(-12) + (-2)/4). Let x be (-4 - 0 - k)*-15. Suppose 0 = 5*g - x, -g - 2*g - 5 = -2*p. What are the prime factors of p?
7
Let v(r) be the third derivative of 5/2*r**3 + 0*r + 0 - 19*r**2 + 5/24*r**4. What are the prime factors of v(9)?
2, 3, 5
Suppose 20*n - 112210 - 35847 = 7*n. What are the prime factors of n?
7, 1627
Suppose -337*o + 6116 + 46818 = -318*o. List the prime factors of o.
2, 7, 199
Let r(c) = 23*c + 134. Let b be r(-11). Let x = -1 + 1. What are the prime factors of x - (3 - 2)*(4 + b)?
5, 23
Let f = -45 + 41. List the prime factors of (f - ((-39)/15 + -1))*-40.
2
Suppose 5*c = -3*r + 2105, 3*r - 8 - 2093 = -c. Suppose 0 = -3*d + 32 + r. List the prime factors of d.
2, 61
Suppose 13 = 10*g - 17. Suppose 6*n = 3*n + g*c + 1608, 3*c - 1092 = -2*n. What are the prime factors of n?
2, 3, 5
Let s be -5*(10/(-5))/(-2). Let t = s + 182. List the prime factors of t.
3, 59
Let l(z) = 11*z**2 - 25*z + 86. Suppose -8*p = -7*p - 9. List the prime factors of l(p).
2, 47
Let d be (6/(-14))/(87/(-21) - -4). Let i be -2 - d - 27/(-9) - 5. Let r(p) = 3*p**2 + 8*p - 19. List the prime factors of r(i).
2, 3
Let z(a) = 8*a**2 - 120*a - 47. Let c(l) = 3*l**2 - 40*l - 16. Let i(m) = 17*c(m) - 6*z(m). List the prime factors of i(-22).
2, 3, 97
Let f(h) = 5*h - 20. Let v be f(-6). Let a(k) = 28*k + 3. Let t be a(-3). Let q = v - t. What are the prime factors of q?
31
Suppose -243*t + 274*t - 54715 = 0. List the prime factors of t.
5, 353
Let f(p) be the first derivative of 29*p - 1/4*p**4 - 2 + 1/3*p**3 + 0*p**2. List the prime factors of f(0).
29
Let b = -82 + 108. Suppose -3*o + 28 + b = 3*m, -3*o + 84 = -3*m. Suppose -3*c = -5*c + 5*l + 13, 2*c + 5*l = o. What are the prime factors of c?
3
Let q = -209 - -202. List the prime factors of q/(-2) - (-27632)/32.
3, 17
List the prime factors of 28/35 + (-201858)/(-15).
2, 3, 2243
Let a(s) = s**2 + s. Let v be a(1). Suppose -5*c + 20 = v*z + 2*z, 2*z - 4 = -c. List the prime factors of 171/(5 + -1 + z + -3).
3, 19
Let b(l) be the third derivative of 11*l**5/60 + l**3/6 + 9*l**2. Let x be b(1). Suppose -10*q + x*q = 164. What are the prime factors of q?
2, 41
Suppose 134113 = 15*s - 91517. What are the prime factors of s?
2, 3, 23, 109
Let z = 489 + -492. What are the prime factors of (-1549)/z - (-4 - (-10)/3)?
11, 47
Let o(q) = 2*q**3 - 5*q**2 + 11. Let n be o(4). Suppose 3*d - 685 = -4*b, -n - 1075 = -5*d + b. List the prime factors of d.
227
Let y(p) = p**3 + 3*p**2 - 5*p. Let r be y(-4). Let u = -32 + 64. Let i = u - r. What are the prime factors of i?
2, 7
Let t(n) = -239*n - 7. Let a be t(-2). Let k = a - 132. What are the prime factors of k?
3, 113
Let z(b) = 1 + 0*b + 6*b - 3 - 1. Let i = -416 - -418. List the prime factors of z(i).
3
Suppose -2*p = -3*k + k + 4124, -k = -5*p - 2074. List the prime factors of k.
29, 71
Let o = -37 - -40. Suppose -4 + 1 = o*i, -5*i = -5*q + 5. Suppose q = -11*u + 7*u + 500. What are the prime factors of u?
5
Let h = -2656 + 2863. Let b be 188/(-3) + 1/(-3). Let w = b + h. What are the prime factors of w?
2, 3
Suppose 11353656 = -3*c + 164*c + 130*c. What are the prime factors of c?
2, 4877
Suppose 14*z = -16*z + 1230. Suppose z*n - 43*n + 1300 = 0. List the prime factors of n.
2, 5, 13
Let z = -109 + 114. Suppose 2*t = 3*k + 1755, -4008 = -z*t + 2*k + 396. List the prime factors of t.
2, 3, 7
Let o(n) be the second derivative of n**5/60 + 73*n**4/24 - n**3 - 14*n. Let z(t) be the second derivative of o(t). List the prime factors of z(0).
73
Let g be -1 + (-3 - -4 - 17). Let s = 17 + g. Suppose s = -j - 4*z + 74, 4*j - 396 = -3*z + 7*z. What are the prime factors of j?
2, 47
What are the prime factors of (-2238570)/(-42) + 6 - 20/70?
5, 7, 1523
What are the prime factors of (323 + -310)*4198/1?
2, 13, 2099
Let r(j) = j**2 - 63*j - 61. Let x be r(30). Let l = x + 2036. List the prime factors of l.
5, 197
Suppose 13*n = -n + 157022 + 158566. List the prime factors of n.
2, 3, 13, 17
Suppose -37*f = -39*f - 4*s + 26146, 13069 = f - 2*s. What are the prime factors of f?
3, 4357
Let t = 100 - 103. Let n(i) = 7*i**2 + 5*i - 1. Let q be n(t). Suppose 231*u + q = 232*u. List the prime factors of u.
47
Suppose -106 = 4*a - 118. Suppose 3*s - 6*s = -a*p - 693, 3*s - 683 = 5*p. List the prime factors of s.
2, 59
Let p be (3 - (6 + -3))*-1. Suppose 0*m + 22*m - 7238 = p. What are the prime factors of m?
7, 47
Let p be (32/(-6) + 128/96)*-1. Suppose 4*q = -q + 15. Suppose -p*d = -2*g + 1 - 103, q*d - 80 = 5